ghest common factor of 4029 and 102.
51
What is the greatest common factor of 26 and 4498?
26
Calculate the greatest common divisor of 1080 and 120.
120
What is the greatest common factor of 40 and 1520?
40
What is the greatest common factor of 891 and 44?
11
Calculate the greatest common factor of 23 and 7889.
23
Calculate the greatest common factor of 1820 and 117.
13
Calculate the greatest common divisor of 8 and 148.
4
Calculate the greatest common divisor of 1343 and 136.
17
What is the highest common divisor of 225 and 45?
45
What is the greatest common divisor of 2312 and 170?
34
Calculate the greatest common factor of 8 and 136.
8
Calculate the highest common divisor of 390 and 52.
26
What is the highest common factor of 3225 and 225?
75
Calculate the highest common divisor of 110 and 242.
22
What is the highest common divisor of 19 and 1?
1
Calculate the greatest common divisor of 6300 and 5.
5
Calculate the greatest common divisor of 708 and 24.
12
What is the greatest common factor of 312 and 24?
24
What is the greatest common factor of 10 and 160?
10
Calculate the highest common divisor of 1007 and 95.
19
What is the highest common divisor of 26 and 20566?
26
Calculate the greatest common factor of 276 and 69.
69
What is the highest common factor of 49 and 637?
49
Calculate the highest common factor of 90 and 190.
10
Calculate the greatest common divisor of 549 and 9.
9
What is the highest common divisor of 3445 and 65?
65
What is the highest common divisor of 816 and 612?
204
Calculate the greatest common factor of 4606 and 14.
14
What is the highest common divisor of 4829 and 22?
11
What is the highest common factor of 29 and 551?
29
What is the greatest common factor of 120 and 820?
20
Calculate the highest common divisor of 9 and 99.
9
What is the highest common divisor of 12 and 44?
4
What is the greatest common factor of 4352 and 17?
17
Calculate the greatest common divisor of 4382 and 42.
14
Calculate the greatest common factor of 256 and 80.
16
Calculate the greatest common factor of 4 and 604.
4
Calculate the greatest common divisor of 22 and 66.
22
Calculate the highest common divisor of 90 and 20970.
90
What is the highest common divisor of 1015 and 70?
35
What is the greatest common factor of 1950 and 150?
150
What is the greatest common divisor of 3 and 375?
3
Calculate the highest common factor of 39 and 9399.
39
What is the greatest common divisor of 1416 and 24?
24
Calculate the greatest common divisor of 60 and 330.
30
What is the greatest common divisor of 14476 and 2156?
308
What is the highest common divisor of 472 and 8?
8
Calculate the highest common factor of 34 and 9316.
34
Calculate the highest common divisor of 20 and 530.
10
Calculate the highest common factor of 2123 and 386.
193
What is the greatest common divisor of 75 and 45?
15
What is the greatest common divisor of 168 and 189?
21
What is the highest common divisor of 1896 and 40?
8
Calculate the highest common divisor of 490 and 30.
10
What is the greatest common divisor of 2 and 3994?
2
What is the greatest common factor of 22 and 8?
2
Calculate the highest common factor of 1309 and 385.
77
Calculate the greatest common factor of 1 and 37.
1
Calculate the highest common factor of 18 and 1836.
18
What is the greatest common divisor of 1068 and 6?
6
What is the highest common divisor of 40 and 500?
20
Calculate the highest common divisor of 56741 and 23.
23
Calculate the highest common divisor of 45 and 6381.
9
Calculate the highest common factor of 13 and 11401.
13
What is the greatest common divisor of 161 and 175?
7
What is the greatest common divisor of 77 and 413?
7
Calculate the highest common divisor of 11408 and 31.
31
Calculate the highest common divisor of 6 and 282.
6
Calculate the greatest common divisor of 35 and 3815.
35
What is the greatest common divisor of 60803 and 41?
41
What is the highest common divisor of 28 and 1092?
28
What is the greatest common factor of 198 and 2502?
18
Calculate the highest common factor of 2268 and 924.
84
Calculate the highest common factor of 14819 and 406.
203
Calculate the highest common divisor of 6809 and 55.
11
What is the highest common factor of 9506 and 194?
194
Calculate the highest common factor of 1 and 73.
1
What is the greatest common factor of 26 and 3991?
13
What is the highest common divisor of 128 and 4?
4
What is the greatest common divisor of 24 and 2528?
8
Calculate the highest common divisor of 495 and 132.
33
What is the highest common factor of 1199 and 545?
109
Calculate the greatest common divisor of 176 and 192.
16
What is the greatest common factor of 49 and 9100?
7
What is the highest common factor of 80 and 4080?
80
Calculate the greatest common divisor of 1056 and 12.
12
Calculate the greatest common divisor of 236 and 59.
59
What is the highest common factor of 68 and 459?
17
Calculate the greatest common factor of 146 and 30806.
146
What is the greatest common factor of 450 and 135?
45
Calculate the highest common factor of 7 and 196.
7
Calculate the greatest common divisor of 30 and 345.
15
What is the greatest common divisor of 430 and 40?
10
What is the greatest common divisor of 440 and 40?
40
Calculate the highest common factor of 180 and 36.
36
What is the highest common divisor of 109 and 6431?
109
What is the highest common divisor of 4 and 148?
4
What is the greatest common factor of 526 and 6049?
263
Calculate the highest common divisor of 86 and 301.
43
What is the highest common divisor of 550 and 22?
22
What is the highest common factor of 756 and 56?
28
Calculate the greatest common factor of 560 and 1085.
35
Calculate the greatest common factor of 24 and 8.
8
What is the highest common factor of 13 and 4693?
13
What is the highest common divisor of 31 and 279?
31
What is the highest common factor of 525 and 9275?
175
What is the greatest common divisor of 3289 and 286?
143
What is the greatest common factor of 1280 and 60?
20
Calculate the highest common factor of 128 and 128.
128
What is the greatest common factor of 171 and 38133?
171
Calculate the highest common factor of 4696 and 8.
8
What is the greatest common factor of 55892 and 712?
356
Calculate the greatest common divisor of 19 and 2983.
19
Calculate the highest common factor of 120 and 80.
40
Calculate the greatest common factor of 2896 and 16.
16
What is the greatest common divisor of 4456 and 8?
8
Calculate the greatest common factor of 228 and 399.
57
What is the highest common divisor of 4 and 32?
4
Calculate the greatest common divisor of 19 and 2.
1
Calculate the greatest common divisor of 2 and 98.
2
What is the highest common divisor of 534 and 120?
6
What is the highest common factor of 2142 and 2754?
306
What is the highest common factor of 374 and 170?
34
What is the greatest common factor of 195 and 60?
15
What is the highest common factor of 164 and 1763?
41
Calculate the greatest common factor of 78 and 25272.
78
Calculate the greatest common factor of 518 and 42.
14
What is the highest common factor of 35 and 1435?
35
Calculate the highest common divisor of 198 and 77.
11
What is the greatest common factor of 60 and 260?
20
Calculate the greatest common factor of 384 and 6.
6
What is the greatest common divisor of 175 and 1825?
25
Calculate the highest common divisor of 1592 and 16.
8
What is the greatest common factor of 8 and 196?
4
Calculate the greatest common factor of 108 and 60.
12
What is the greatest common factor of 4384 and 8?
8
What is the highest common divisor of 392 and 39298?
98
Calculate the greatest common divisor of 96 and 12.
12
What is the highest common divisor of 10 and 2145?
5
Calculate the highest common factor of 1024 and 5248.
128
Calculate the highest common factor of 192 and 96.
96
Calculate the highest common factor of 1739 and 94.
47
Calculate the greatest common factor of 1611 and 9.
9
What is the greatest common factor of 868 and 186?
62
Calculate the greatest common divisor of 33 and 1342.
11
Calculate the greatest common factor of 34 and 12.
2
What is the highest common divisor of 2615 and 5?
5
What is the highest common divisor of 48 and 6672?
48
Calculate the highest common factor of 7 and 112.
7
Calculate the highest common divisor of 198